{"id":46,"date":"2014-02-24T16:13:57","date_gmt":"2014-02-24T15:13:57","guid":{"rendered":"http:\/\/bilclassicteam.lu\/?page_id=46"},"modified":"2024-09-26T16:24:50","modified_gmt":"2024-09-26T14:24:50","slug":"le-comite-2-2__trashed","status":"publish","type":"page","link":"http:\/\/bilclassicteam.lu\/?page_id=46","title":{"rendered":"Le comit\u00e9"},"content":{"rendered":"\n<p><strong>Zago Marc Pr\u00e9sident<\/strong><\/p>\n\n\n\n<p>TEL: +352 4590 2010<\/p>\n\n\n\n<p>GSM: +352 621 153 432<\/p>\n\n\n\n<p><strong>Mand\u00e9 Marco Secr\u00e9taire<\/strong><\/p>\n\n\n\n<p>Tel: +352 4590-6881<\/p>\n\n\n\n<p><\/p>\n\n\n\n<p><strong>Wagner Donny Tr\u00e9sorier<\/strong><\/p>\n\n\n\n<p>GSM: +352 621 319 530<\/p>\n\n\n\n<p>Membre du Comit\u00e9 : <\/p>\n\n\n\n<p>Mommens Bernard<\/p>\n\n\n\n<p><\/p>\n","protected":false},"excerpt":{"rendered":"<p>Zago Marc Pr\u00e9sident TEL: +352 4590 2010 GSM: +352 621 153 432 Mand\u00e9 Marco Secr\u00e9taire Tel: +352 4590-6881 Wagner Donny Tr\u00e9sorier GSM: +352 621 319 530 Membre du Comit\u00e9 : Mommens Bernard<\/p>\n","protected":false},"author":1,"featured_media":0,"parent":0,"menu_order":0,"comment_status":"closed","ping_status":"closed","template":"","meta":{"_mi_skip_tracking":false},"_links":{"self":[{"href":"http:\/\/bilclassicteam.lu\/index.php?rest_route=\/wp\/v2\/pages\/46"}],"collection":[{"href":"http:\/\/bilclassicteam.lu\/index.php?rest_route=\/wp\/v2\/pages"}],"about":[{"href":"http:\/\/bilclassicteam.lu\/index.php?rest_route=\/wp\/v2\/types\/page"}],"author":[{"embeddable":true,"href":"http:\/\/bilclassicteam.lu\/index.php?rest_route=\/wp\/v2\/users\/1"}],"replies":[{"embeddable":true,"href":"http:\/\/bilclassicteam.lu\/index.php?rest_route=%2Fwp%2Fv2%2Fcomments&post=46"}],"version-history":[{"count":51,"href":"http:\/\/bilclassicteam.lu\/index.php?rest_route=\/wp\/v2\/pages\/46\/revisions"}],"predecessor-version":[{"id":23963,"href":"http:\/\/bilclassicteam.lu\/index.php?rest_route=\/wp\/v2\/pages\/46\/revisions\/23963"}],"wp:attachment":[{"href":"http:\/\/bilclassicteam.lu\/index.php?rest_route=%2Fwp%2Fv2%2Fmedia&parent=46"}],"curies":[{"name":"wp","href":"https:\/\/api.w.org\/{rel}","templated":true}]}}